= -6*t. What are the prime factors of t/28 - 24/(-14)?
2
Suppose -2*v = -3*b - 20, 4*v + 7*b = 3*b + 20. Let h(x) = 2*x + 1. Let q be h(-2). Let d = q + v. List the prime factors of d.
2
Let c(h) = h + 7. Let n be c(-3). Suppose -16 = n*v, g + v + 4 = 2. Suppose g*f - 29 + 11 = 0. List the prime factors of f.
3
Let x(l) = -l - 8. Let p be x(-6). What are the prime factors of (-333)/(-63) + p/7?
5
Suppose -2*z = u + 2, -4*u + z - 2*z + 20 = 0. Let i(g) = g**2 - 2*g - 5. Let n be i(u). Let c = n - 12. What are the prime factors of c?
7
Let p be 1 + 3 + -2*1. Suppose -p*f - 3*f = 0. Suppose f = 2*j - 2 - 2. What are the prime factors of j?
2
Let s(o) be the first derivative of 5*o**2/2 - 2*o - 3. List the prime factors of s(4).
2, 3
Let j(x) = 8*x + x - 2*x - 3*x + 1. Suppose -5*s = 25, 3*p + 3*s + 7 = s. What are the prime factors of j(p)?
5
Let c be 4/2 + 6/(-2). Let d = 14 - c. What are the prime factors of d?
3, 5
Suppose 2*r + 36 = -2*r. Let a = -1 - r. List the prime factors of a.
2
Suppose 0 = 4*i + 12, -v + 12 = -5*i - 8. Suppose 5*b = j - 2*j + 9, v*j = 3*b + 129. What are the prime factors of j?
2, 3
Let n(t) = t**2 + 3 - 2 + 2. Suppose -o + 0*o + 4*u + 5 = 0, -3*o - 4*u - 17 = 0. List the prime factors of n(o).
2, 3
Let m = 0 + -11. Let b be ((-17)/(-1) - -2) + -1. Let x = m + b. What are the prime factors of x?
7
Let g(q) = -3*q + 3. Let b(y) = 2*y - 3. Let u(h) = 5*b(h) + 4*g(h). Let n be u(-4). Suppose -j - n*x = 8, 2*j - x + 32 = 7*j. List the prime factors of j.
7
Let t be 2/(3/((-15)/(-2))). Suppose t*p = -4*y + 17, 0 = 5*y - p - p - 46. What are the prime factors of y?
2
What are the prime factors of (-1)/(-3)*-23*-3?
23
Let f = 15 + 3. Suppose -2*t - 2 = -f. List the prime factors of t.
2
Let r(x) = 6*x**2 - 1. Let b be r(1). Suppose -b*j = -j + 2*n - 14, 5*n = 4*j - 21. Suppose j*o = -0 + 8. List the prime factors of o.
2
Let h(d) = -3*d**3 + 2*d**2 - 8. Let w be (-2)/(-4)*2*4. Let a(z) = -z**3 + z - 1. Let y(r) = w*a(r) - h(r). What are the prime factors of y(-4)?
2, 5
Let l be -1 + 2 + 5 + 16. Suppose 5*a = 82 - l. List the prime factors of a.
2, 3
Let b(u) = u**2 - 13*u + 2. Let l(p) = 5*p**2 - 66*p + 9. Let a(n) = 11*b(n) - 2*l(n). Let s be a(11). Let h = 16 - s. What are the prime factors of h?
2, 3
Let c be (28/(-6))/(4/(-6)). Let k(f) = 3*f - 6. Let d(n) = n - 1. Let v(g) = 4*d(g) - k(g). What are the prime factors of v(c)?
3
Let x = -35 - -54. List the prime factors of x.
19
Suppose 5 = 2*i + 1. Suppose -i*s + 9 - 1 = 0. List the prime factors of s.
2
Let g = -19 + 10. What are the prime factors of (0 + 0)/1 - g?
3
Let w(z) = z**3 - 4*z**2 - 6*z - 14. What are the prime factors of w(6)?
2, 11
Suppose 20 = -n - 0*n. Suppose -4*l = 5*i + 159, 2*l + 3*i + 18 = -63. Let m = n - l. What are the prime factors of m?
2
Suppose -3*w + 16 = -w. Suppose -3*v + w = 2. List the prime factors of v.
2
Suppose -2*h + 6*h - 5*g - 396 = 0, -5*h = -4*g - 486. Suppose -4*f + h - 1 = -i, -5*f - i = -105. Suppose 2*x - f = -0. What are the prime factors of x?
11
Let r(u) = 167*u - 3. What are the prime factors of r(1)?
2, 41
Suppose -282 = -4*x - 2*b, 0 = -5*x + 2*b - 0*b + 366. List the prime factors of x.
2, 3
Let s(n) = 2*n**3 + n**2 - 3*n - 2. Let p(f) = f + 1. Let w(i) = -p(i) - s(i). What are the prime factors of w(-2)?
3
Let l(q) = 13*q - 3. Suppose 3*v = -2*v + 10. What are the prime factors of l(v)?
23
Let g = 6 + -3. Suppose -g*w = 3*n - 222, 0 = 5*w - 2*w + 2*n - 226. What are the prime factors of (-2)/(-3)*w/4?
13
Let w = -378 - -530. What are the prime factors of w?
2, 19
List the prime factors of 0/(4*(-1)/2) - -111.
3, 37
Let t be ((-72)/27)/((-2)/(-6)). Let i(x) = -2*x + 4. What are the prime factors of i(t)?
2, 5
Suppose -2*a - 5*g + 2*g = 4, -4*a - 2*g + 8 = 0. What are the prime factors of (2/a)/(5/100)?
2, 5
Suppose v - 2 - 8 = 0. Suppose v + 10 = 5*f. Suppose 0*n = f*n - 80. What are the prime factors of n?
2, 5
Suppose -3*d + 4*k = -0 - 1, -5*d + 55 = 4*k. Let x = d + -3. List the prime factors of x.
2
Let t(n) = -n**2 + 9*n + 6. Let r(h) = -h**2 - h - 1. Let a(p) = -6*r(p) - t(p). What are the prime factors of a(2)?
2, 11
Let k(j) = j - 4. Let q be k(3). Let i(b) = -b**2 - b**2 + 1 + 0 - 7*b**3. What are the prime factors of i(q)?
2, 3
Suppose 0*i - 12 = 2*i. Let r be (i/(-2))/((-2)/8). Let q = 17 + r. List the prime factors of q.
5
Let k(f) = 2*f. Let h be k(1). Suppose t = -2*p + 3*t - h, t - 5 = -p. What are the prime factors of p/6 - 87/(-9)?
2, 5
Let a(k) = -12*k + 45. List the prime factors of a(-12).
3, 7
Suppose -7*p + 3*p = -360. What are the prime factors of p?
2, 3, 5
Suppose -3*k - 2*n + 44 = 0, 0 = -0*k - k - n + 14. List the prime factors of ((-9)/(-6))/(3/k).
2
Suppose -3*a = 5*u - 39, -52 = -4*a - u - 0*u. List the prime factors of a.
13
Let n(l) = -l**3 - 3*l**2 + 8*l + 7. Let j be n(-5). Let s = -29 + j. What are the prime factors of 80/s*3/(-2)?
2, 5
Let p = 446 - 188. What are the prime factors of p?
2, 3, 43
Let k = -3 + 5. Suppose 3*a = k*a + 7. List the prime factors of a.
7
Let w be (-2 + (-3 - 1))*13/(-6). Let p(b) = -b**3 - 2*b**2 - 2. Let z be p(-2). Let u = z + w. List the prime factors of u.
11
Let g = 24 + -7. Let i = 24 + -13. Let b = g - i. What are the prime factors of b?
2, 3
Let c = 7 + -7. Suppose 0 = -2*r - c*h + 2*h + 62, -5*h + 79 = 4*r. Suppose 4*t - 6 = r. What are the prime factors of t?
2
Suppose -r + 5*j = -89, -4*j - 245 = -5*r + 2*r. List the prime factors of r.
79
Suppose -32 = -4*z + 48. What are the prime factors of z?
2, 5
Suppose 2*n - 2 - 2 = 0. What are the prime factors of (-3 - -4) + n + -1?
2
Suppose 4*q - 68 = -4*t, -1 = 3*t - 2*t. Suppose 2*i = -4*a + q, -4*i + 29 = -i + 5*a. What are the prime factors of i?
13
Suppose 0 = -2*k + k + 43. What are the prime factors of k?
43
Suppose -3*h = -15, -4*h + 99 + 35 = 3*a. What are the prime factors of a?
2, 19
Let f(a) = -2*a + 3. Let x be f(3). Let b(r) = r**3 + 3*r**2 - r - 3. Let u be b(x). Suppose u*t + 20 = 4*t. What are the prime factors of t?
5
Suppose -n = -5*c - 165, 4*n - 5*c + 172 - 772 = 0. List the prime factors of n.
5, 29
Let n be 9*8*10/15. Suppose 2*y - n = -y. What are the prime factors of y?
2
List the prime factors of ((-142)/6)/(5/(-15))*1.
71
Suppose -3*q - 2*l = -8, -3*q = l + 4*l - 2. List the prime factors of (-627)/(-12) + q/(-16).
2, 13
Suppose -10*s + 8*s + 40 = 0. List the prime factors of s.
2, 5
Suppose 90 = -8*n + 3*n. Let y be 136/14 - n/63. Suppose -5*k - y = 0, 0 = -5*q - 2*k + 33 - 7. List the prime factors of q.
2, 3
Let t(r) = -r**2 - 7*r + 2. Let w(d) = 6*d. Let m be 3/2*(-4)/6. Let x be w(m). What are the prime factors of t(x)?
2
Let k(j) = j**2 + 6*j + 13. List the prime factors of k(-6).
13
Let n(g) = 2*g - 8. Let z be n(11). What are the prime factors of 17*1*(z - 13)?
17
Suppose -11*m = 5*m - 1552. What are the prime factors of m?
97
Let v(h) = -1 - 3 + 2*h - 2*h**2 + 6*h**2 + 2 - 2*h**3. What are the prime factors of v(-2)?
2, 13
Suppose -5*d + 265 = -2*g, 0*g = 5*d + 4*g - 235. List the prime factors of d.
3, 17
Let m be 0 - 4 - (7 - 7). What are the prime factors of (-30)/m*(-28)/(-6)?
5, 7
Let v be (15/6 - 0)*2. Suppose 103 = v*y + b - 0, 5*y = 4*b + 88. What are the prime factors of y?
2, 5
Let i(m) = m**3 - 4*m**2 + 4*m - 5. Let g be i(4). Suppose -3*v + 5*u - g = -5*v, 5*u - 17 = -4*v. Suppose b = -v*b + 16. What are the prime factors of b?
2
Let p(v) = 14*v - 7. List the prime factors of p(5).
3, 7
Let k = -33 + 12. Let n be -17 + 2 - 0/(-1). Let c = n - k. What are the prime factors of c?
2, 3
Let o = -60 - -41. Let t = 41 + o. List the prime factors of t.
2, 11
Let l = 8 + 82. List the prime factors of l.
2, 3, 5
Suppose j - 5 = 2*j. List the prime factors of (-8)/j*5/2.
2
Let y = -137 + 358. List the prime factors of y.
13, 17
Suppose 2*o - 6*o = 4*l - 1072, -2*l = 3*o - 536. List the prime factors of l.
2, 67
List the prime factors of ((-1)/((-3)/(-3)))/(2/(-838)).
419
Let b = -15 - -15. Let i(l) = -l**2 - l + 23. What are the prime factors of i(b)?
23
Let s(w) = -2*w**3 - 4*w**2 + 5*w - 2. Let o be s(-4). List the prime factors of (o/4)/(4/8).
3, 7
Let x(l) be the third derivative of -l**5/30 - 2*l**3/3 + 2*l**2. Let c be x(-4). What are the prime factors of